 -5 + 23 = v + 3*b. Suppose -3*k + 19 = 4*x, x + 33 = k - v*x. Let w = 32 - k. List the prime factors of w.
19
Suppose n - 4*n + 351 = 0. Suppose 0 = 4*m - 357 + 137. Let i = n - m. What are the prime factors of i?
2, 31
Suppose 0 = 4*y - 956 - 296. What are the prime factors of y?
313
Let f(t) = t + 15. Let c be f(-13). Suppose c*b - 6 = 3*y - y, 5*y + 15 = -b. Suppose -q - 4 + 20 = b. List the prime factors of q.
2
Let w = -322 - -331. Let z(a) = a**2 + 2*a - 7. Let f be z(-8). Suppose -q + w = -f. What are the prime factors of q?
2, 5
Let g be 12*(6/4 - 1). Suppose m + 15 = g*m. Suppose m*k + 0*k - 6 = 0. What are the prime factors of k?
2
Suppose 3*s = 2*s. Suppose -3*w - 2*r = -1 - 29, s = 3*w - 4*r - 48. Let q = -10 + w. What are the prime factors of q?
2
Let l(i) = 2*i - 24. Let u be l(13). Suppose -4*a + 218 = -5*b, 7*b - 198 = -4*a + u*b. What are the prime factors of a?
2, 13
Suppose 3*c = 88 + 161. Let z(a) = a**3 - 2*a**2 + a. Let s be z(2). What are the prime factors of c/s - 36/(-24)?
43
Suppose a - 832 = 204. What are the prime factors of a?
2, 7, 37
Suppose -4*a + 3278 = 22*q - 20*q, 0 = -5*a - 2*q + 4098. What are the prime factors of a?
2, 5, 41
Let c(y) = -y**3 + 23*y**2 + 44*y - 29. What are the prime factors of c(21)?
1777
Let s = -8756 + 12395. What are the prime factors of s?
3, 1213
Let i(c) be the first derivative of -8*c**2 + 2*c**2 - 4 + 7*c + 7*c**2. List the prime factors of i(8).
23
Suppose 356 = -4*y + 5*d, -d + 89 = -0*y - y. Let u = -54 - y. List the prime factors of u.
5, 7
Let z = -8 + -46. Let f = 1 - z. What are the prime factors of f?
5, 11
Let x(y) be the first derivative of -6*y + 5*y**2 - 2 + 1/3*y**3. What are the prime factors of x(-11)?
5
Let z(b) = -7*b - 17. Let t be z(13). Let c = 175 + t. What are the prime factors of c?
67
Suppose -5*a = 10, -j - 5*a = 2 - 0. Suppose -621 = -j*u + 643. What are the prime factors of u?
2, 79
Suppose y - 60 = 3*x, y = 6*y + x - 284. Suppose d - 3*l = -l + 18, -l + y = 5*d. List the prime factors of (-6)/(-24) - (-705)/d.
59
Suppose -5*b + 5*k + 31 = 101, 5*k - 58 = 4*b. What are the prime factors of (2 - b) + 20/(-5)?
2, 5
Let q be 2/(-1)*316/(-8). Suppose 14*h = 13*h + q. List the prime factors of h.
79
Suppose 5*s = o + 31, 0 = 3*s - 3*o - 6 - 3. Let k = s + 3. Suppose 11*x - 63 = k*x. What are the prime factors of x?
3, 7
List the prime factors of 1006 + (-5)/(-5)*8.
2, 3, 13
Let c = 10 - -11. Let g(n) = -174*n + 1. Let q be g(-1). Suppose -c = -4*p + q. List the prime factors of p.
7
Suppose 2*y - 10 = -0*y. Let d(k) = -16*k + 92. Let x be d(-8). Suppose 5*a + y*v = x, 6*a - v - 208 = a. List the prime factors of a.
2, 3, 7
Let x(w) = -w - 1. Let n be x(-6). Suppose n*o + 23 = 128. What are the prime factors of o?
3, 7
Suppose -2*o - 5*u - 35 = 0, 4*u - 74 = 5*o + 3*u. What are the prime factors of -2 - 3*o/9?
3
Suppose 0 = -3*k - 7 + 4, 3*k = c - 561. What are the prime factors of c?
2, 3, 31
Let v be ((-10)/(-2) - 3) + 49. Suppose 3*o - v = 132. What are the prime factors of o?
61
Let f be (2 - 52/8)*20. Let r = -32 - f. List the prime factors of r.
2, 29
Let z(m) = -2*m - 23. Let j be z(-10). Let f(o) = 7*o**3 + 3. Let y(u) = 15*u**3 + 7. Let n(d) = -13*f(d) + 6*y(d). What are the prime factors of n(j)?
2, 3, 5
Let s = -92 - -55. Let c = s - -47. What are the prime factors of c?
2, 5
Suppose -4*z + 3*y = -17565, -3*z - 277*y + 273*y + 13205 = 0. What are the prime factors of z?
3, 5, 293
Suppose 247427 = 117*h - 208756. List the prime factors of h.
7, 557
Suppose -9294 + 318 = -8*w. What are the prime factors of w?
2, 3, 11, 17
Let u(t) = -6*t**3 - 5*t**2 + 7*t - 4. Let c be u(3). Let i = c - -273. What are the prime factors of i?
83
Suppose 0 = -12*g + 9*g + 12. Suppose -57 - 11 = -g*m. What are the prime factors of m?
17
Suppose -15*y - 887 + 6617 = 0. What are the prime factors of y?
2, 191
Let a = 897 - 627. Suppose -a = -4*n - 6*n. List the prime factors of n.
3
Suppose -5*v = -5, -654 + 2286 = 2*n + 4*v. List the prime factors of n.
2, 11, 37
Let d = -126 - -23. Let j = -35 - d. List the prime factors of j.
2, 17
Suppose 3*t = 2*b + 2*t - 2961, 0 = 4*b - 4*t - 5932. List the prime factors of b.
2, 739
Let k(p) = -8*p. Suppose 2*r = -3 + 23. Let c be k(r). What are the prime factors of (0 - -3)*c/(-12)?
2, 5
Suppose -2*i + 4*h - 188 = 0, h + 228 = -2*i - 3*h. Let g = 128 + i. List the prime factors of g.
2, 3
Suppose 2*r - 4 + 2 = 0, 2*d + 37 = -3*r. Let k = 79 + d. List the prime factors of k.
59
Suppose -9*d - 4434 = -15*d. What are the prime factors of d?
739
What are the prime factors of (-1)/3*15483/52*-4?
397
Let z be (-2 - -2 - 0) + 2. Suppose -2*b = -6*r + 4*r, z*b - 4*r = 4. List the prime factors of (-4)/b + -1 + 21.
2, 11
Let l(p) = -p**2 + 8*p + 3. Suppose -3*u + 7 = -2*u. List the prime factors of l(u).
2, 5
Let b = 3766 + -2368. List the prime factors of b.
2, 3, 233
Let z(x) be the third derivative of -x**5/60 - x**4/12 + x**3/2 + 11*x**2. List the prime factors of z(-2).
3
Let q = -30 - -32. List the prime factors of q/(-8) + 567/28.
2, 5
Let o(x) = -x**2 - 7*x + 10. Let d be o(-8). Suppose -7*p + 245 = -d*p. What are the prime factors of p?
7
What are the prime factors of 0 - 42/(-6) - -813?
2, 5, 41
Let r = 87 + -22. Suppose -r = -c + 17. List the prime factors of c.
2, 41
Let o be (-180)/18*(-22)/(-4). Let b = 280 + o. List the prime factors of b.
3, 5
Let o(y) = -7*y - 2. Let c be o(-2). Let d = -8 + c. Suppose -d*r = -0*m - m - 1, m - 3*r = 3. List the prime factors of m.
3, 5
Let o = -1148 - -3276. What are the prime factors of o?
2, 7, 19
Let i be (-105)/12 - (-2)/(-8). Let r be ((-48)/(-18))/(6/i). List the prime factors of (-2)/(r - -3) + 57.
59
Let m(o) = -o - 11. Let g be m(0). Let z(d) = -d + 9. Let n be z(g). What are the prime factors of -1 + 2 + -1 + n?
2, 5
Let o(u) = 2*u**2 - 2*u - 7. Let k be o(4). Let f = -15 + k. List the prime factors of f.
2
What are the prime factors of (-3 + (-3)/(-2))/(3/(-486))?
3
Let g(b) = -2*b**3 - 17*b**2 - 45*b - 16. List the prime factors of g(-11).
2, 271
Let b = -331 - -92. Let u = 370 + b. What are the prime factors of u?
131
Suppose -5*m + 3649 = k, -6 = -4*m - 2. List the prime factors of k.
2, 911
Let p be ((-1)/(-2))/(4/56). Suppose 3*o - 5 - p = 0. Suppose o*q - 186 = -62. List the prime factors of q.
31
Suppose -4*m - 2*c - 4 = 2, 0 = m + c + 1. Let t = 14 + m. List the prime factors of (-738)/t*2/(-3).
41
Suppose 21 - 5 = 8*d. List the prime factors of (d/6)/(6/414).
23
Let r(h) = h**2 - 4*h - 2. Suppose 3*j + 5 = -7. List the prime factors of r(j).
2, 3, 5
What are the prime factors of 10*(-145)/10*-1?
5, 29
What are the prime factors of 1/(-3) + 5 + 7484/6?
2, 313
Let q(p) = -p**3 + 18*p**2 - 11*p + 63. List the prime factors of q(9).
3, 7, 11
Let k(q) = q**2 + 6*q - 7. Suppose -3*a + 0 - 3 = 0. Let l = a + 4. List the prime factors of k(l).
2, 5
Let f(s) = s**3 + 5*s**2 + 2*s - 7. Let n be f(-3). Suppose 5*x - 4 = n*i + 1, -5*x = 5*i + 15. List the prime factors of (9 - (x + 3))/1.
7
Suppose -z - j = 3, -2*j = -z - 5*j + 5. What are the prime factors of z/((-14)/8) - (-116 - 2)?
2, 61
Let u = -11 - -13. Let w be u/3*(-18)/(-3). Suppose -w*n - 4*o = 8, 6 = -n - 4*n - 4*o. What are the prime factors of n?
2
Suppose -1206 = 28*p - 31*p. What are the prime factors of p?
2, 3, 67
Let s(x) = 93*x - 4. Let f(y) = 46*y - 2. Let z(j) = -5*f(j) + 2*s(j). Suppose -5*k + 4*p + 3 = -0*k, 3*k - 5*p - 7 = 0. List the prime factors of z(k).
2, 23
Suppose 5182 = -8*b + 10*b - 4*v, -v = -2*b + 5173. What are the prime factors of b?
5, 11, 47
Let y(j) = 74*j**2 - 4*j - 2. Let w(s) = 111*s**2 - 6*s - 3. Let x(u) = 5*w(u) - 8*y(u). Let m be x(-1). Let q = m + 53. List the prime factors of q.
3, 5
Let x(p) = p**3 - p**2 + 7*p + 17 - 9*p + 12. List the prime factors of x(0).
29
Let m(u) = u**2 - 5*u. What are the prime factors of m(9)?
2, 3
Let b = -333 + 771. What are the prime factors of b?
2, 3, 73
Let o(x) = x**3 + x**2 + x + 68. Let c be o(0). Let i = c + 0. What are the prime factors of i?
2, 17
Let k be 108 + (105/75 - 3/(-5)). Let x = 365 - k. What are the prime factors of x?
3, 5, 17
Let b(j) = 3*j - 24. Let o be b(9). Suppose 331 = 4*h - 3*k, -o*h + 0*h - 2*k + 227 = 0. What are the 